{"id":51,"date":"2016-06-16T22:46:59","date_gmt":"2016-06-16T20:46:59","guid":{"rendered":"http:\/\/klavierhaus-kahl.de\/wordpress\/?page_id=51"},"modified":"2024-11-23T15:17:04","modified_gmt":"2024-11-23T14:17:04","slug":"ihr-klavierbauer","status":"publish","type":"page","link":"https:\/\/klavierhaus-kahl.de\/wordpress\/ihr-klavierbauer\/","title":{"rendered":"Ihr Klavierbauer"},"content":{"rendered":"\t\t<div data-elementor-type=\"wp-page\" data-elementor-id=\"51\" class=\"elementor elementor-51\">\n\t\t\t\t\t\t<section class=\"elementor-section elementor-top-section elementor-element elementor-element-a994440 elementor-section-boxed elementor-section-height-default elementor-section-height-default\" data-id=\"a994440\" data-element_type=\"section\" data-e-type=\"section\">\n\t\t\t\t\t\t<div class=\"elementor-container elementor-column-gap-default\">\n\t\t\t\t\t<div class=\"elementor-column elementor-col-25 elementor-top-column elementor-element elementor-element-bbabd1e\" data-id=\"bbabd1e\" data-element_type=\"column\" data-e-type=\"column\">\n\t\t\t<div class=\"elementor-widget-wrap elementor-element-populated\">\n\t\t\t\t\t\t<div class=\"elementor-element elementor-element-abe589c elementor-widget elementor-widget-text-editor\" data-id=\"abe589c\" data-element_type=\"widget\" data-e-type=\"widget\" data-widget_type=\"text-editor.default\">\n\t\t\t\t<div class=\"elementor-widget-container\">\n\t\t\t\t\t\t\t\t\t<p><img decoding=\"async\" class=\"\" src=\"https:\/\/klavierhaus-kahl.de\/wordpress\/wp-content\/uploads\/2023\/03\/klavierbaukahl-logo.png\" width=\"145\" height=\"145\" \/><\/p>\t\t\t\t\t\t\t\t<\/div>\n\t\t\t\t<\/div>\n\t\t\t\t\t<\/div>\n\t\t<\/div>\n\t\t\t\t<div class=\"elementor-column elementor-col-25 elementor-top-column elementor-element elementor-element-f5ee303\" data-id=\"f5ee303\" data-element_type=\"column\" data-e-type=\"column\">\n\t\t\t<div class=\"elementor-widget-wrap elementor-element-populated\">\n\t\t\t\t\t\t<div class=\"elementor-element elementor-element-8a7e313 elementor-widget__width-initial elementor-widget elementor-widget-text-editor\" data-id=\"8a7e313\" data-element_type=\"widget\" data-e-type=\"widget\" data-widget_type=\"text-editor.default\">\n\t\t\t\t<div class=\"elementor-widget-container\">\n\t\t\t\t\t\t\t\t\t<h2>\u00a0<\/h2><h2>Frank Michael Kahl<br \/>Klavier- &amp; Cembalobauermeister<\/h2><ul><li>Geboren 1968 in Neum\u00fcnster<\/li><li>Ausbildung zum Klavierbauer<\/li><li>Meisterpr\u00fcfung 1997 in Stuttgart<\/li><li>T\u00e4tigkeit in verschiedenen Klavierh\u00e4usern<\/li><li>Selbst\u00e4ndig seit 1998 in Kirchzarten<\/li><li>Seit 2023 B\u00fcro in Kirchhofen<\/li><li>Als Meisterbetrieb eingetragen in die Handwerksrolle<\/li><li>Mitglied im <a href=\"https:\/\/www.bdk-piano.de\/\">&#8222;Bund Deutscher Klavierbauer e.V.&#8220;<\/a><\/li><li>Sprachen Franz\u00f6sisch und Englisch<\/li><\/ul>\t\t\t\t\t\t\t\t<\/div>\n\t\t\t\t<\/div>\n\t\t\t\t\t<\/div>\n\t\t<\/div>\n\t\t\t\t<div class=\"elementor-column elementor-col-50 elementor-top-column elementor-element elementor-element-345bb85\" data-id=\"345bb85\" data-element_type=\"column\" data-e-type=\"column\" data-settings=\"{&quot;background_background&quot;:&quot;classic&quot;}\">\n\t\t\t<div class=\"elementor-widget-wrap elementor-element-populated\">\n\t\t\t\t\t\t<div class=\"elementor-element elementor-element-96b15a1 elementor-widget elementor-widget-image\" data-id=\"96b15a1\" data-element_type=\"widget\" data-e-type=\"widget\" data-widget_type=\"image.default\">\n\t\t\t\t<div class=\"elementor-widget-container\">\n\t\t\t\t\t\t\t\t\t\t\t\t\t\t\t<img fetchpriority=\"high\" decoding=\"async\" width=\"768\" height=\"1024\" src=\"https:\/\/klavierhaus-kahl.de\/wordpress\/wp-content\/uploads\/2022\/11\/Meisterbrief-Kahl-768x1024.jpg\" class=\"attachment-large size-large wp-image-2377\" alt=\"\" srcset=\"https:\/\/klavierhaus-kahl.de\/wordpress\/wp-content\/uploads\/2022\/11\/Meisterbrief-Kahl-768x1024.jpg 768w, https:\/\/klavierhaus-kahl.de\/wordpress\/wp-content\/uploads\/2022\/11\/Meisterbrief-Kahl-225x300.jpg 225w, https:\/\/klavierhaus-kahl.de\/wordpress\/wp-content\/uploads\/2022\/11\/Meisterbrief-Kahl-1152x1536.jpg 1152w, https:\/\/klavierhaus-kahl.de\/wordpress\/wp-content\/uploads\/2022\/11\/Meisterbrief-Kahl-1536x2048.jpg 1536w, https:\/\/klavierhaus-kahl.de\/wordpress\/wp-content\/uploads\/2022\/11\/Meisterbrief-Kahl-scaled.jpg 1920w\" sizes=\"(max-width: 768px) 100vw, 768px\" \/>\t\t\t\t\t\t\t\t\t\t\t\t\t\t\t<\/div>\n\t\t\t\t<\/div>\n\t\t\t\t\t<\/div>\n\t\t<\/div>\n\t\t\t\t\t<\/div>\n\t\t<\/section>\n\t\t\t\t<\/div>\n\t\t","protected":false},"excerpt":{"rendered":"<p>\u00a0 Frank Michael KahlKlavier- &amp; Cembalobauermeister Geboren 1968 in Neum\u00fcnster Ausbildung zum Klavierbauer Meisterpr\u00fcfung 1997 in Stuttgart T\u00e4tigkeit in verschiedenen Klavierh\u00e4usern Selbst\u00e4ndig seit 1998 in Kirchzarten Seit 2023 B\u00fcro in Kirchhofen Als Meisterbetrieb eingetragen in die Handwerksrolle Mitglied im &#8222;Bund Deutscher Klavierbauer e.V.&#8220; Sprachen Franz\u00f6sisch und Englisch<\/p>\n","protected":false},"author":1,"featured_media":0,"parent":0,"menu_order":3300,"comment_status":"closed","ping_status":"closed","template":"","meta":{"footnotes":""},"class_list":["post-51","page","type-page","status-publish"],"_links":{"self":[{"href":"https:\/\/klavierhaus-kahl.de\/wordpress\/wp-json\/wp\/v2\/pages\/51","targetHints":{"allow":["GET"]}}],"collection":[{"href":"https:\/\/klavierhaus-kahl.de\/wordpress\/wp-json\/wp\/v2\/pages"}],"about":[{"href":"https:\/\/klavierhaus-kahl.de\/wordpress\/wp-json\/wp\/v2\/types\/page"}],"author":[{"embeddable":true,"href":"https:\/\/klavierhaus-kahl.de\/wordpress\/wp-json\/wp\/v2\/users\/1"}],"replies":[{"embeddable":true,"href":"https:\/\/klavierhaus-kahl.de\/wordpress\/wp-json\/wp\/v2\/comments?post=51"}],"version-history":[{"count":89,"href":"https:\/\/klavierhaus-kahl.de\/wordpress\/wp-json\/wp\/v2\/pages\/51\/revisions"}],"predecessor-version":[{"id":3122,"href":"https:\/\/klavierhaus-kahl.de\/wordpress\/wp-json\/wp\/v2\/pages\/51\/revisions\/3122"}],"wp:attachment":[{"href":"https:\/\/klavierhaus-kahl.de\/wordpress\/wp-json\/wp\/v2\/media?parent=51"}],"curies":[{"name":"wp","href":"https:\/\/api.w.org\/{rel}","templated":true}]}}